2122.
2122
What is the greatest common divisor of 3556170 and 180?
90
What is the greatest common divisor of 773185 and 35?
35
What is the greatest common factor of 240 and 38520?
120
Calculate the greatest common divisor of 334305 and 345.
345
Calculate the greatest common factor of 8140 and 10989.
407
Calculate the greatest common factor of 42076 and 16328.
628
What is the highest common divisor of 6290 and 2295?
85
Calculate the highest common divisor of 1544 and 128.
8
What is the highest common divisor of 31726 and 8874?
58
Calculate the highest common divisor of 190819 and 346.
173
What is the greatest common factor of 55474 and 4?
2
Calculate the highest common factor of 995 and 122783.
199
What is the greatest common factor of 488 and 164?
4
What is the greatest common factor of 1502829 and 333?
333
What is the highest common factor of 3289852 and 3336?
556
Calculate the greatest common factor of 600 and 6768.
24
Calculate the highest common divisor of 10400 and 19200.
800
Calculate the highest common factor of 51 and 8704.
17
Calculate the highest common factor of 346 and 752723.
173
Calculate the highest common divisor of 9865680 and 202.
202
What is the highest common factor of 8725 and 775?
25
Calculate the greatest common factor of 1100 and 2649680.
220
What is the highest common factor of 3038464 and 512?
256
Calculate the greatest common factor of 88 and 300476.
44
Calculate the greatest common factor of 24911 and 29.
29
What is the greatest common factor of 164628 and 153?
153
What is the greatest common divisor of 739848 and 29?
29
What is the greatest common divisor of 2108 and 3639989?
527
Calculate the highest common factor of 157005 and 5805.
135
Calculate the greatest common divisor of 1351 and 1379.
7
Calculate the greatest common divisor of 825 and 3112230.
165
What is the greatest common factor of 50160 and 20592?
528
What is the greatest common divisor of 751545 and 135?
135
Calculate the highest common divisor of 58872 and 3432.
264
Calculate the greatest common factor of 522 and 1770.
6
What is the greatest common factor of 6 and 15096264?
6
What is the greatest common factor of 16228 and 52?
4
What is the highest common factor of 11 and 612150?
11
What is the greatest common factor of 388546 and 1834?
262
What is the highest common factor of 96148 and 52?
52
Calculate the greatest common divisor of 42188 and 424.
212
What is the greatest common factor of 2295 and 59265?
135
What is the highest common divisor of 3906 and 868?
434
What is the greatest common factor of 5710 and 2230?
10
What is the greatest common factor of 1239 and 130480?
7
What is the greatest common factor of 23522 and 1748?
38
Calculate the highest common factor of 66 and 50754.
66
Calculate the greatest common factor of 259436 and 5056.
316
What is the greatest common factor of 1064 and 18221?
133
What is the greatest common factor of 10472 and 41272?
616
What is the highest common factor of 1755 and 1872?
117
Calculate the greatest common factor of 258 and 63898.
86
Calculate the greatest common divisor of 1320 and 226545.
165
Calculate the greatest common divisor of 2929720 and 16.
8
What is the highest common factor of 36519 and 35?
7
Calculate the greatest common factor of 686 and 22736.
98
Calculate the highest common factor of 14541 and 555.
111
What is the highest common factor of 3185 and 13130?
65
Calculate the highest common factor of 564 and 276.
12
What is the highest common divisor of 615722 and 62?
62
What is the greatest common divisor of 2597 and 43778?
371
What is the greatest common divisor of 9 and 1463013?
9
What is the highest common divisor of 2294 and 31496?
62
What is the greatest common divisor of 16305 and 255?
15
What is the highest common factor of 1452 and 207?
3
What is the highest common factor of 8771 and 34368?
179
What is the highest common divisor of 8 and 66632?
8
Calculate the greatest common divisor of 19729 and 142266.
181
Calculate the greatest common divisor of 1066 and 4290.
26
What is the highest common factor of 29 and 226026?
29
What is the greatest common divisor of 74849 and 623?
89
What is the greatest common factor of 7 and 104139?
7
Calculate the highest common divisor of 40690 and 125.
5
What is the highest common factor of 5730 and 20819?
191
Calculate the greatest common factor of 158543 and 284.
71
Calculate the greatest common divisor of 126 and 284319.
63
What is the greatest common factor of 3300 and 675?
75
Calculate the highest common divisor of 744 and 163215.
93
What is the greatest common factor of 35840 and 6080?
320
What is the greatest common factor of 1969 and 2497?
11
Calculate the greatest common divisor of 20038 and 12126.
86
Calculate the highest common divisor of 289572 and 9204.
708
What is the highest common divisor of 959325 and 75?
75
What is the highest common divisor of 8507 and 11703?
47
What is the highest common factor of 92 and 28244?
92
What is the greatest common factor of 15751 and 931?
19
What is the greatest common factor of 3825 and 1075?
25
What is the greatest common factor of 120 and 207312?
24
What is the highest common divisor of 418 and 205216?
22
Calculate the greatest common divisor of 4 and 25250.
2
Calculate the highest common factor of 2160 and 541836.
108
What is the greatest common divisor of 48970 and 14160?
590
What is the greatest common divisor of 84 and 5530?
14
What is the greatest common divisor of 18 and 178218?
18
What is the highest common factor of 90132 and 15836?
148
What is the highest common divisor of 656 and 248?
8
What is the greatest common divisor of 588 and 2316?
12
What is the highest common divisor of 340 and 83164?
68
What is the greatest common divisor of 11068 and 8?
4
Calculate the highest common factor of 4 and 7903.
1
Calculate the greatest common factor of 171 and 298661.
19
What is the greatest common divisor of 368064 and 704?
64
Calculate the highest common divisor of 4719 and 949.
13
Calculate the highest common divisor of 10299 and 6.
3
Calculate the highest common divisor of 42 and 409094.
14
What is the highest common divisor of 1776 and 97392?
48
Calculate the highest common factor of 37 and 2238056.
37
Calculate the greatest common factor of 54999 and 2349.
81
Calculate the highest common divisor of 20171 and 356939.
877
Calculate the greatest common factor of 112 and 1728.
16
What is the highest common factor of 646684 and 3683?
127
What is the greatest common divisor of 232 and 1711?
29
What is the greatest common factor of 5016 and 912?
456
What is the greatest common factor of 546 and 3446625?
273
What is the highest common factor of 36 and 4094136?
36
What is the greatest common divisor of 56189 and 184?
23
What is the greatest common divisor of 88 and 376?
8
What is the greatest common factor of 984 and 200244?
492
Calculate the greatest common divisor of 12175 and 75.
25
Calculate the greatest common factor of 232 and 39092.
116
What is the highest common factor of 1001 and 51779?
91
What is the greatest common divisor of 100 and 5374?
2
Calculate the greatest common factor of 186 and 6324.
186
What is the greatest common factor of 7830 and 40?
10
Calculate the highest common factor of 19063 and 1067.
11
What is the highest common factor of 25 and 89?
1
Calculate the highest common factor of 1562799 and 21.
21
Calculate the highest common factor of 154 and 81004.
154
Calculate the greatest common divisor of 475 and 68650.
25
What is the highest common factor of 1085 and 1820?
35
Calculate the greatest common factor of 1158 and 63883.
193
Calculate the highest common factor of 41287 and 95.
19
Calculate the greatest common factor of 41 and 1707527.
41
Calculate the highest common divisor of 2372506 and 82.
82
What is the highest common factor of 4368 and 2067?
39
What is the highest common divisor of 15055 and 16?
1
Calculate the greatest common factor of 1332726 and 1812.
906
What is the greatest common factor of 365796 and 324?
324
What is the greatest common factor of 43 and 83119?
43
What is the highest common factor of 185052 and 1701?
21
What is the greatest common factor of 569123 and 47?
47
Calculate the greatest common divisor of 44313 and 87.
3
Calculate the highest common divisor of 1728